omposite?
True
Let v be ((-6)/(-8))/((-6)/24). Let s = v + 83. Suppose 2*h - s = -f, 3*h + f + 148 = 7*h. Is h a prime number?
False
Let d = 73 - 14. Is d a composite number?
False
Let m(n) = -n**3 - 3*n**2 + 11*n + 12. Is m(-13) a prime number?
True
Suppose 6 = 3*o, j - 3*o = -0*j + 257. Is j composite?
False
Let d(p) = 701 + 660 - 3*p**2 + 5*p**2 - p**2. Is d(0) a prime number?
True
Let d(u) = -u**3 - 7*u**2 + 1. Let w be d(-7). Suppose -3*r + 4 = w, -4*y + r + 995 = 0. Is y a composite number?
True
Let r be (-18)/45 + 1756/(-10). Let h = -43 - r. Is h composite?
True
Let v be 102/(-4)*912/(-18). Suppose 0 = 4*a + 448 - v. Is a a prime number?
True
Let g(x) = x**2 - x + 7. Suppose 4*a + 18 = 2*a. Is g(a) composite?
False
Let w(c) be the third derivative of c**6/360 - c**5/24 + c**4/24 + c**3/3 - 3*c**2. Let y(t) be the first derivative of w(t). Is y(-7) prime?
False
Let d = 218 + -89. Is d a prime number?
False
Let d(y) = 440*y**2 - y + 1. Is d(2) prime?
True
Let v be (-1)/2 - 75/(-6). Suppose i + 6 = 1. Let q = i + v. Is q a prime number?
True
Suppose 3*z = w - 57, 2*z = -2*z - 3*w - 76. Let h = 32 + z. Is h composite?
False
Let x = -3 - -6. Let y be 1/(-1)*x*-28. Suppose -3*p + 3*t = -63, -3*p - 3*t - y = -7*p. Is p a prime number?
False
Suppose 4 + 3 = -z. Let g(p) = -81*p - 10. Is g(z) composite?
False
Let h(p) = 0*p**2 + 2*p**2 + 8*p - 3*p**2. Let z be h(8). Suppose 5*q - 36 - 9 = z. Is q prime?
False
Suppose -2*v + 9 = -n, 4*n = -0*n - 4*v + 12. Let s be 3*n/(-3) - 8. Let m(x) = x**2 - x - 10. Is m(s) a prime number?
False
Let n = -324 + 566. Suppose 5*i - 333 = n. Is i a composite number?
True
Let p(v) = 89*v + 7. Is p(8) a composite number?
False
Let w = 0 - -5. Suppose -1168 = 2*i - w*n, 0*n + 1128 = -2*i - 5*n. Is 3/5 - i/10 composite?
True
Let z = -228 + 793. Suppose 2*c = z - 143. Is c a composite number?
False
Let d(n) = -n**3 - 3*n**2 + 3*n + 1. Let p be d(-4). Is (-22)/(-55) - (-428)/p composite?
True
Let q(s) = s + 4. Let z be q(11). Is 5/(z/6) + 5 prime?
True
Is 6460/18 - (-2)/18 a prime number?
True
Let g(t) = 70*t**3 - 4*t**2 + 6*t - 3. Is g(2) composite?
True
Let q(x) be the third derivative of x**6/24 - x**5/30 - x**4/12 + x**3/3 - x**2. Is q(3) composite?
False
Suppose 12*l - 9*l = 597. Is l composite?
False
Is 14496/21 + -1 + 8/(-28) a composite number?
True
Suppose 5*j - 42 - 133 = 0. Let g = j - 17. Let c = -7 + g. Is c prime?
True
Suppose -53 - 62 = -5*c. Let f = c + -46. Let w = f + 44. Is w a composite number?
True
Let g(z) = -z - 1. Let i be g(-4). Suppose 35 + 28 = p + 3*n, i*p - 177 = -3*n. Is p composite?
True
Let g be -1*3/(-6)*0. Let w = g - -2. Suppose -w*d - 3*d = -445. Is d prime?
True
Let z(n) = -66*n**3 - 2*n**2 - 2*n - 1. Is z(-1) composite?
True
Suppose 5*n + 0*n - 395 = -3*h, 0 = 2*n - 2*h - 158. Is n a prime number?
True
Let l = 4 + 5. Let g = 7 - l. Is -5 - (g + 0) - -29 prime?
False
Let g = 342 + 223. Is g composite?
True
Let l(m) = 17*m**2 - 3*m + 6. Let o be l(-5). Is o/(-2)*(-10 + 9) composite?
False
Let h = -16 + 15. Let r(w) = -521*w. Is r(h) a prime number?
True
Let j(h) = h**3 - 4*h**2 - 4*h - 4. Let t be j(5). Suppose 3*b = 4*l + 44 + t, -b = 5*l - 15. Is b prime?
False
Suppose 3*k = 5*u - 1 - 6, 3*u - 5 = k. Suppose -j + u*q - 22 = 0, 2*j + 2*q + 74 = -3*j. Let i = j - -35. Is i a composite number?
False
Suppose -23*p + 18*p = -35. Suppose 3*k - p - 5 = 0. Is k prime?
False
Let k be 0/(1/(3/(-6))). Suppose k*b + 25 = 5*b, -4*u = 2*b - 94. Is u a prime number?
False
Let q be ((-20)/10)/(1/1). Is q + 33*(-10)/(-2) composite?
False
Let a = 9 + -4. Suppose -6*r = -a*r - 226. Is r composite?
True
Suppose 8*m = 9*m - 635. Is m composite?
True
Suppose 1 = 3*c - 11, 5*c - 8 = 2*v. Suppose 3*l = v*l - 267. Is l composite?
False
Suppose -5*s = -687 - 328. Is s a composite number?
True
Let u be 2 - (-2 - -1236)/2. Is (-1)/(-4) + u/(-20) a composite number?
False
Let c = -50 - -35. Let b(i) = 8*i - 2. Let a be b(4). Let p = a + c. Is p a composite number?
True
Let k(o) = -o + 15. Let x be k(13). Let r(y) be the first derivative of 4*y**3/3 - y**2 - y - 1. Is r(x) a prime number?
True
Suppose -r - 3 = -0*r. Let u = r + 7. Suppose 2*c - 16 = u. Is c a prime number?
False
Suppose v = -3*y + 280, v - 4*v + 276 = 3*y. Is y a composite number?
True
Suppose -2*i + 841 = 2*i + c, 25 = 5*c. Is i composite?
True
Suppose -3*a - 5*d = -481, 0 = 2*a + 4*d - 309 - 13. Is a a prime number?
True
Let v be (-6)/(-9)*402/4. Let r = 6 - 4. Suppose -3*q = -j + v, -j - r*q + 201 = 2*j. Is j a composite number?
False
Suppose 6572 = -3*x + 8*x + h, 2*x - 2636 = 2*h. Is x composite?
True
Is 2/((4 - -1)*(-18)/(-34245)) composite?
False
Let q = 205 - 129. Let a = 7 + q. Is a a composite number?
False
Let t(v) = -46*v - 3. Is t(-7) composite?
True
Suppose 29 = j - 65. Is j composite?
True
Suppose 10 = -2*t, 2*t - 756 = -2*z - 180. Is z composite?
False
Suppose -33 = -2*h + 121. Is h composite?
True
Let v = -2 - -6. Suppose -v*d + 16 = 0, 2*d - 253 = -3*w + d. Is w a prime number?
True
Suppose 6296 = -10*i + 14*i. Is i a composite number?
True
Suppose -3*f + 4*f = 295. Let a = f + -146. Is a a prime number?
True
Let l = 1 - -15. Suppose -892 = -l*i + 12*i. Is i a composite number?
False
Let n = 3273 - 2234. Is n a composite number?
False
Suppose -5334 = -5*g + 3196. Is g a composite number?
True
Suppose -2*p = -249 - 1013. Is p prime?
True
Suppose 5*b + 24 = b. Let z = -3 - b. Suppose -5*r = c - 89, z*c + r - 280 = -c. Is c a prime number?
False
Suppose x - 888 = -187. Is x a prime number?
True
Suppose -h + 2 = 0, 0 = 2*z + 3*h - 350 - 626. Is z a composite number?
True
Let i(v) be the third derivative of -17*v**4/24 + v**3/3 + v**2. Suppose 5*y + 4 = m + 2, 0 = 3*y + 3. Is i(m) prime?
True
Let p be (-908)/(-36) - (-4)/(-18). Suppose -p = -2*r - 7. Is r a prime number?
False
Let j(m) = m**2 - 7*m + 7. Let t be j(5). Is (-2)/t + (-991)/(-3) a prime number?
True
Suppose -d = 7 - 0. Suppose t = -2*n + 17, -n - n = -4*t - 12. Let a = n - d. Is a prime?
False
Let t be 2 - (-2 + -2)/2. Suppose -3*f - 2*p = -3*p - 9, -2*f = -4*p + t. Suppose -16 = -f*c + 28. Is c prime?
True
Suppose j = 4*j - 6. Suppose s - 10 = -0*s - j*c, 40 = 4*s + 4*c. Is s a prime number?
False
Let o(i) = -i**3 - 3*i**2 - 7. Is o(-9) prime?
True
Let x(t) = -t**2 - 9*t + 8. Let j be x(-8). Suppose 0 = 2*n + 4*g + j, n - 4*g = -4*n + 16. Is (-2)/(n - -2) + 12 composite?
False
Let z(q) = 7*q + 5. Let n(s) = -7*s - 6. Let o(x) = 6*n(x) + 7*z(x). Let k be o(-5). Let m = k - -73. Is m composite?
False
Suppose 5*z - 5*d - 4485 = 0, 0*z - 2*d + 909 = z. Is z prime?
False
Let d = -980 - -1402. Is d composite?
True
Let o(t) = 2*t - 4*t - 3 - 3*t - t**2. Let q be o(-3). Suppose 4*i + q = 5*i. Is i composite?
False
Suppose -5*x - 25 = -w + 3*w, -2*w + 25 = -5*x. Suppose w = 5*o - 12 - 18. Is o a prime number?
False
Let h = 55 + -33. Suppose 278 = 2*v - h. Suppose -v = -5*s + 175. Is s composite?
True
Suppose -3*w = -4*i + 53 - 184, -4*i + 165 = 5*w. Is w a prime number?
True
Let t = 862 - -2731. Is t a prime number?
True
Let f(g) = 3*g + 267. Is f(0) a prime number?
False
Let b be 1/(-4) - (-4)/16. Suppose b = -5*j - 3*g + 372, -3*j + 3*g + 62 = -166. Suppose j = -l + 6*l. Is l a prime number?
False
Let u(t) = t**3 - 2*t**2 + t + 33. Is u(0) a prime number?
False
Suppose 9 = 3*i - 15. Suppose i = 4*g - 8. Suppose 8 = 2*a - 2*f, 2*a - f + 1 = g*f. Is a a prime number?
True
Let m(q) = 311*q + 23. Is m(6) a prime number?
True
Is (3*(-3890)/45)/(4/(-6)) a composite number?
False
Let f(h) = -10*h - 2. Let l be (1 - (1 - -2))*1. Let j be f(l). Let u = j + -7. Is u prime?
True
Let h be (-3 - -5)*(-1)/2. Let p = h - -26. Is p a composite number?
True
Let i(v) = -18*v + 7. Is i(-6) composite?
True
Suppose 3*b = 5*p - 1267, -4*p - 5*b = -3*p - 231. Is p composite?
False
Let d(j) = 258*j**3 + j**2 + j - 1. Let s be d(1). Suppose 0 = -g + 2*g - s. Is g a prime number?
False
Suppose -2*a + 4 = 0, -a + 3503 = -3*m - 10869. Is (-9)/15 + m/(-25) a prime number?
True
Let d = -58 - -557. Is d a composite number?
False
Let c = -11 + 64. Is c a prime number?
True
Let l(t) = -t**3 + 9*t**2 - 7*t + 2. Let r be l(8). Let q be 15/r - (-1)/(-2). Is (0 + q + 94)/1 composite?
True
Let j = -1580 + 